nd 2310.
210
Calculate the greatest common divisor of 283 and 424217.
283
Calculate the greatest common factor of 8020907 and 58.
29
What is the highest common divisor of 45 and 60450?
15
Calculate the highest common factor of 363420 and 1080.
540
What is the highest common factor of 117884 and 1508?
52
Calculate the highest common factor of 2184 and 252798.
546
Calculate the highest common factor of 5434 and 3553.
209
Calculate the greatest common factor of 120 and 2045.
5
What is the highest common divisor of 30 and 89535?
15
What is the greatest common factor of 844 and 59291?
211
What is the greatest common divisor of 4579 and 55671?
241
Calculate the greatest common divisor of 5970 and 65.
5
Calculate the greatest common factor of 5184 and 96.
96
Calculate the highest common factor of 15 and 496695.
15
What is the greatest common divisor of 21726 and 2448?
306
What is the greatest common factor of 4247 and 19189?
31
What is the highest common divisor of 259 and 63490?
7
Calculate the greatest common factor of 344825 and 325.
325
What is the highest common factor of 699462 and 36?
18
What is the highest common divisor of 322 and 29708?
14
What is the greatest common divisor of 45 and 611748?
9
What is the greatest common factor of 113 and 290297?
113
What is the greatest common divisor of 2035 and 3245?
55
What is the greatest common divisor of 11380 and 140?
20
Calculate the highest common divisor of 385 and 61600.
385
What is the greatest common factor of 56 and 227892?
28
Calculate the highest common divisor of 51022 and 16102.
194
Calculate the highest common divisor of 2950 and 97586.
118
Calculate the highest common divisor of 391 and 144347.
17
Calculate the highest common divisor of 99834 and 63.
21
Calculate the greatest common factor of 29674 and 185.
37
Calculate the highest common factor of 13 and 4054453.
13
What is the greatest common factor of 325 and 118170?
65
Calculate the highest common factor of 9238 and 8046.
298
What is the greatest common divisor of 1130100 and 780?
60
What is the highest common factor of 18445 and 52955?
595
What is the highest common divisor of 812 and 64612?
116
What is the highest common factor of 154 and 5137?
11
Calculate the highest common divisor of 3806 and 682.
22
What is the highest common divisor of 39 and 61334?
13
What is the greatest common factor of 418173 and 273?
21
What is the greatest common factor of 18 and 68319?
9
What is the greatest common divisor of 476 and 665924?
476
What is the greatest common divisor of 1162114 and 942?
314
Calculate the highest common divisor of 219480 and 59.
59
Calculate the greatest common factor of 739092 and 4692.
204
Calculate the greatest common factor of 4107 and 69.
3
Calculate the greatest common divisor of 209 and 48092.
11
Calculate the highest common divisor of 318 and 556023.
159
Calculate the greatest common divisor of 291137 and 199.
199
What is the greatest common factor of 1094537 and 101?
101
What is the greatest common divisor of 26144 and 80?
16
What is the highest common factor of 4142270 and 110?
110
Calculate the greatest common factor of 50 and 11610.
10
What is the highest common factor of 6 and 3914?
2
Calculate the highest common factor of 1368 and 38760.
456
Calculate the greatest common divisor of 10023 and 108711.
771
What is the greatest common divisor of 1736248 and 248?
248
Calculate the greatest common factor of 36634 and 104.
26
What is the highest common factor of 711 and 15578721?
711
Calculate the highest common divisor of 6 and 118254.
6
Calculate the greatest common factor of 5795 and 190.
95
Calculate the greatest common factor of 31117 and 148.
37
Calculate the greatest common factor of 38347 and 248.
31
Calculate the highest common factor of 5134 and 3570.
34
What is the highest common factor of 95688 and 1944?
216
What is the highest common divisor of 2976 and 528?
48
What is the greatest common divisor of 22902 and 486494?
694
What is the highest common factor of 1540 and 2530?
110
Calculate the highest common factor of 2943 and 54.
27
What is the greatest common factor of 71840 and 320?
160
What is the greatest common factor of 940 and 1824070?
470
Calculate the greatest common factor of 225 and 1773.
9
Calculate the greatest common divisor of 33 and 104621.
11
Calculate the greatest common factor of 1040 and 24856.
104
What is the greatest common divisor of 480 and 36680?
40
Calculate the greatest common factor of 136 and 54995.
17
What is the greatest common divisor of 45 and 4485?
15
What is the greatest common divisor of 53284 and 132?
44
What is the highest common divisor of 607964 and 28?
28
Calculate the greatest common divisor of 418 and 456247.
209
Calculate the greatest common factor of 8197 and 56.
7
What is the greatest common factor of 86646 and 966?
42
What is the greatest common divisor of 433062 and 154?
14
What is the highest common factor of 852 and 239838?
426
What is the greatest common divisor of 24608 and 2240?
32
Calculate the greatest common factor of 4570 and 670.
10
What is the highest common divisor of 832 and 73736?
104
What is the highest common divisor of 2805 and 8772?
51
What is the highest common factor of 115416 and 72?
72
Calculate the greatest common divisor of 14121 and 1.
1
Calculate the greatest common factor of 44 and 24838.
22
What is the highest common divisor of 74 and 296074?
74
What is the greatest common factor of 6936 and 2516?
68
Calculate the highest common factor of 445316 and 652.
652
What is the highest common divisor of 738448 and 16?
16
What is the highest common divisor of 597971 and 209?
11
Calculate the highest common divisor of 39 and 31962684.
39
Calculate the highest common factor of 330 and 24780.
30
What is the greatest common factor of 56350 and 735?
245
What is the highest common factor of 336 and 378?
42
Calculate the greatest common factor of 2233 and 1364.
11
What is the highest common divisor of 50141 and 63?
7
Calculate the highest common factor of 96 and 570176.
32
Calculate the highest common factor of 45 and 1055.
5
What is the greatest common divisor of 81 and 44370?
9
What is the greatest common divisor of 2272 and 40683?
71
What is the greatest common divisor of 145 and 1860?
5
Calculate the greatest common factor of 505 and 963540.
505
What is the highest common divisor of 170 and 84541?
17
Calculate the highest common divisor of 42919 and 15420.
257
What is the highest common factor of 404 and 905566?
202
What is the highest common factor of 61019 and 46?
23
Calculate the greatest common divisor of 122661 and 1.
1
Calculate the greatest common divisor of 3272 and 568.
8
Calculate the greatest common factor of 305984 and 448.
448
What is the greatest common divisor of 1637298 and 39?
39
What is the highest common factor of 20709 and 819?
117
Calculate the greatest common factor of 30 and 17198670.
30
What is the highest common factor of 7520 and 640?
160
What is the greatest common divisor of 1086 and 2305216?
362
Calculate the greatest common factor of 219 and 559107.
219
What is the highest common factor of 105 and 321000?
15
What is the greatest common divisor of 8811 and 87813?
99
Calculate the highest common divisor of 618 and 189314.
206
What is the greatest common divisor of 1654796 and 1716?
572
Calculate the highest common factor of 101 and 2045149.
101
What is the greatest common divisor of 48 and 5514?
6
Calculate the highest common divisor of 143 and 6201.
13
Calculate the greatest common factor of 925 and 2257.
37
Calculate the highest common divisor of 1014 and 2028.
1014
What is the highest common divisor of 960309 and 14?
7
What is the greatest common divisor of 224830 and 10?
10
What is the greatest common divisor of 850 and 31225?
25
Calculate the greatest common divisor of 102 and 126174.
102
What is the greatest common divisor of 671104 and 196?
196
What is the highest common factor of 6254 and 265?
53
Calculate the highest common factor of 243 and 1389798.
81
Calculate the greatest common factor of 2 and 20749.
1
What is the highest common divisor of 27 and 337563?
9
What is the highest common divisor of 408 and 24216?
24
Calculate the greatest common divisor of 115 and 103109.
23
Calculate the greatest com